{"id":19016,"date":"2022-10-31T14:52:14","date_gmt":"2022-10-31T12:52:14","guid":{"rendered":"https:\/\/hostkoss.com\/b\/?page_id=19016"},"modified":"2024-06-30T13:45:32","modified_gmt":"2024-06-30T10:45:32","slug":"tinklarastis-hostkoss-com-viskas-apie-priegloba-serverius-ir-svetaines","status":"publish","type":"page","link":"https:\/\/hostkoss.com\/b\/lt\/","title":{"rendered":"Tinklara\u0161tis hostkoss.com &#8211; Viskas apie prieglob\u0105, serverius ir svetaines"},"content":{"rendered":"<p>Viskas apie prieglob\u0105, serverius ir svetaines. Su &#8220;HostKoss&#8221; tur\u0117site visk\u0105, ko reikia, kad gal\u0117tum\u0117te lengvai valdyti server\u012f, svetain\u0119 ir domenus.<\/p>\n","protected":false},"excerpt":{"rendered":"<p>Viskas apie prieglob\u0105, serverius ir svetaines. Su &#8220;HostKoss&#8221; tur\u0117site visk\u0105, ko reikia, kad gal\u0117tum\u0117te lengvai valdyti server\u012f, svetain\u0119 ir domenus.<\/p>\n","protected":false},"author":1,"featured_media":19008,"parent":0,"menu_order":0,"comment_status":"closed","ping_status":"closed","template":"page-templates\/home.php","meta":{"footnotes":""},"class_list":["post-19016","page","type-page","status-publish","has-post-thumbnail","hentry"],"yoast_head":"<!-- This site is optimized with the Yoast SEO Premium plugin v25.4 (Yoast SEO v25.4) - https:\/\/yoast.com\/wordpress\/plugins\/seo\/ -->\n<title>Tinklara\u0161tis hostkoss.com - Viskas apie prieglob\u0105, serverius ir svetaines<\/title>\n<meta name=\"description\" content=\"M\u016bs\u0173 tinklara\u0161tis - tai vieta, kurioje rasite naujausi\u0173 naujien\u0173 ir tendencij\u0173 apie svetaini\u0173 k\u016brim\u0105 prieglobos pramon\u0117je. Apsilankykite tinklara\u0161tyje adresu hostkoss.com\" \/>\n<meta name=\"robots\" content=\"index, follow, max-snippet:-1, max-image-preview:large, max-video-preview:-1\" \/>\n<link rel=\"canonical\" href=\"https:\/\/hostkoss.com\/b\/lt\/\" \/>\n<meta property=\"og:locale\" content=\"en_US\" \/>\n<meta property=\"og:type\" content=\"article\" \/>\n<meta property=\"og:title\" content=\"Tinklara\u0161tis hostkoss.com - Viskas apie prieglob\u0105, serverius ir svetaines\" \/>\n<meta property=\"og:description\" content=\"M\u016bs\u0173 tinklara\u0161tis - tai vieta, kurioje rasite naujausi\u0173 naujien\u0173 ir tendencij\u0173 apie svetaini\u0173 k\u016brim\u0105 prieglobos pramon\u0117je. Apsilankykite tinklara\u0161tyje adresu hostkoss.com\" \/>\n<meta property=\"og:url\" content=\"https:\/\/hostkoss.com\/b\/lt\/\" \/>\n<meta property=\"og:site_name\" content=\"hostkoss blog\" \/>\n<meta property=\"article:publisher\" content=\"https:\/\/facebook.com\/hostkoss\/\" \/>\n<meta property=\"article:modified_time\" content=\"2024-06-30T10:45:32+00:00\" \/>\n<meta property=\"og:image\" content=\"https:\/\/hostkoss.com\/b\/wp-content\/uploads\/2024\/06\/home-hostkoss-uk-1024x504.webp\" \/>\n<meta name=\"twitter:card\" content=\"summary_large_image\" \/>\n<meta name=\"twitter:title\" content=\"Tinklara\u0161tis hostkoss.com - Viskas apie prieglob\u0105, serverius ir svetaines\" \/>\n<meta name=\"twitter:description\" content=\"M\u016bs\u0173 tinklara\u0161tis - tai vieta, kurioje rasite naujausi\u0173 naujien\u0173 ir tendencij\u0173 apie svetaini\u0173 k\u016brim\u0105 prieglobos pramon\u0117je. Apsilankykite tinklara\u0161tyje adresu hostkoss.com\" \/>\n<meta name=\"twitter:image\" content=\"https:\/\/hostkoss.com\/b\/wp-content\/uploads\/2024\/06\/home-hostkoss-uk-1024x504.webp\" \/>\n<meta name=\"twitter:site\" content=\"@hostkoss\" \/>\n<meta name=\"twitter:label1\" content=\"Est. reading time\" \/>\n\t<meta name=\"twitter:data1\" content=\"1 minute\" \/>\n<script type=\"application\/ld+json\" class=\"yoast-schema-graph\">{\"@context\":\"https:\/\/schema.org\",\"@graph\":[{\"@type\":\"WebPage\",\"@id\":\"https:\/\/hostkoss.com\/b\/lt\/\",\"url\":\"https:\/\/hostkoss.com\/b\/lt\/\",\"name\":\"Tinklara\u0161tis hostkoss.com - Viskas apie prieglob\u0105, serverius ir svetaines\",\"isPartOf\":{\"@id\":\"https:\/\/hostkoss.com\/b\/#website\"},\"primaryImageOfPage\":{\"@id\":\"https:\/\/hostkoss.com\/b\/lt\/#primaryimage\"},\"image\":{\"@id\":\"https:\/\/hostkoss.com\/b\/lt\/#primaryimage\"},\"thumbnailUrl\":\"https:\/\/hostkoss.com\/b\/wp-content\/uploads\/2024\/06\/home-hostkoss-en.webp\",\"datePublished\":\"2022-10-31T12:52:14+00:00\",\"dateModified\":\"2024-06-30T10:45:32+00:00\",\"description\":\"M\u016bs\u0173 tinklara\u0161tis - tai vieta, kurioje rasite naujausi\u0173 naujien\u0173 ir tendencij\u0173 apie svetaini\u0173 k\u016brim\u0105 prieglobos pramon\u0117je. Apsilankykite tinklara\u0161tyje adresu hostkoss.com\",\"breadcrumb\":{\"@id\":\"https:\/\/hostkoss.com\/b\/lt\/#breadcrumb\"},\"inLanguage\":\"en-US\",\"potentialAction\":[{\"@type\":\"ReadAction\",\"target\":[\"https:\/\/hostkoss.com\/b\/lt\/\"]}]},{\"@type\":\"ImageObject\",\"inLanguage\":\"en-US\",\"@id\":\"https:\/\/hostkoss.com\/b\/lt\/#primaryimage\",\"url\":\"https:\/\/hostkoss.com\/b\/wp-content\/uploads\/2024\/06\/home-hostkoss-en.webp\",\"contentUrl\":\"https:\/\/hostkoss.com\/b\/wp-content\/uploads\/2024\/06\/home-hostkoss-en.webp\",\"width\":1576,\"height\":783},{\"@type\":\"BreadcrumbList\",\"@id\":\"https:\/\/hostkoss.com\/b\/lt\/#breadcrumb\",\"itemListElement\":[{\"@type\":\"ListItem\",\"position\":1,\"name\":\"\u0411\u043b\u043e\u0433\",\"item\":\"https:\/\/hostkoss.com\/b\/uk\/\"},{\"@type\":\"ListItem\",\"position\":2,\"name\":\"Tinklara\u0161tis hostkoss.com &#8211; Viskas apie prieglob\u0105, serverius ir svetaines\"}]},{\"@type\":\"WebSite\",\"@id\":\"https:\/\/hostkoss.com\/b\/#website\",\"url\":\"https:\/\/hostkoss.com\/b\/\",\"name\":\"hostkoss blog\",\"description\":\"\u041d\u0430\u0448 \u0431\u043b\u043e\u0433 \u2014 \u044d\u0442\u043e \u043c\u0435\u0441\u0442\u043e, \u0433\u0434\u0435 \u0432\u044b \u043c\u043e\u0436\u0435\u0442\u0435 \u043d\u0430\u0439\u0442\u0438 \u043f\u043e\u0441\u043b\u0435\u0434\u043d\u0438\u0435 \u043d\u043e\u0432\u043e\u0441\u0442\u0438 \u0438 \u0442\u0435\u043d\u0434\u0435\u043d\u0446\u0438\u0438 \u043e \u0441\u043e\u0437\u0434\u0430\u043d\u0438\u0438 \u0441\u0430\u0439\u0442\u043e\u0432 \u0432 \u043e\u0431\u043b\u0430\u0441\u0442\u0438 \u0445\u043e\u0441\u0442\u0438\u043d\u0433\u0430. \u0417\u0430\u0445\u043e\u0434\u0438\u0442\u0435 \u0432 \u0431\u043b\u043e\u0433 hostkoss.com\",\"publisher\":{\"@id\":\"https:\/\/hostkoss.com\/b\/#organization\"},\"potentialAction\":[{\"@type\":\"SearchAction\",\"target\":{\"@type\":\"EntryPoint\",\"urlTemplate\":\"https:\/\/hostkoss.com\/b\/?s={search_term_string}\"},\"query-input\":{\"@type\":\"PropertyValueSpecification\",\"valueRequired\":true,\"valueName\":\"search_term_string\"}}],\"inLanguage\":\"en-US\"},{\"@type\":\"Organization\",\"@id\":\"https:\/\/hostkoss.com\/b\/#organization\",\"name\":\"hostkoss\",\"url\":\"https:\/\/hostkoss.com\/b\/\",\"logo\":{\"@type\":\"ImageObject\",\"inLanguage\":\"en-US\",\"@id\":\"https:\/\/hostkoss.com\/b\/#\/schema\/logo\/image\/\",\"url\":\"https:\/\/hostkoss.com\/b\/wp-content\/uploads\/2022\/10\/150-150-hostkoss.com-logo.jpg\",\"contentUrl\":\"https:\/\/hostkoss.com\/b\/wp-content\/uploads\/2022\/10\/150-150-hostkoss.com-logo.jpg\",\"width\":150,\"height\":150,\"caption\":\"hostkoss\"},\"image\":{\"@id\":\"https:\/\/hostkoss.com\/b\/#\/schema\/logo\/image\/\"},\"sameAs\":[\"https:\/\/facebook.com\/hostkoss\/\",\"https:\/\/x.com\/hostkoss\",\"https:\/\/www.instagram.com\/hostkoss\/\",\"https:\/\/www.pinterest.com\/hostkoss\/\"]}]}<\/script>\n<!-- \/ Yoast SEO Premium plugin. -->","yoast_head_json":{"title":"Tinklara\u0161tis hostkoss.com - Viskas apie prieglob\u0105, serverius ir svetaines","description":"M\u016bs\u0173 tinklara\u0161tis - tai vieta, kurioje rasite naujausi\u0173 naujien\u0173 ir tendencij\u0173 apie svetaini\u0173 k\u016brim\u0105 prieglobos pramon\u0117je. Apsilankykite tinklara\u0161tyje adresu hostkoss.com","robots":{"index":"index","follow":"follow","max-snippet":"max-snippet:-1","max-image-preview":"max-image-preview:large","max-video-preview":"max-video-preview:-1"},"canonical":"https:\/\/hostkoss.com\/b\/lt\/","og_locale":"en_US","og_type":"article","og_title":"Tinklara\u0161tis hostkoss.com - Viskas apie prieglob\u0105, serverius ir svetaines","og_description":"M\u016bs\u0173 tinklara\u0161tis - tai vieta, kurioje rasite naujausi\u0173 naujien\u0173 ir tendencij\u0173 apie svetaini\u0173 k\u016brim\u0105 prieglobos pramon\u0117je. Apsilankykite tinklara\u0161tyje adresu hostkoss.com","og_url":"https:\/\/hostkoss.com\/b\/lt\/","og_site_name":"hostkoss blog","article_publisher":"https:\/\/facebook.com\/hostkoss\/","article_modified_time":"2024-06-30T10:45:32+00:00","og_image":[{"url":"https:\/\/hostkoss.com\/b\/wp-content\/uploads\/2024\/06\/home-hostkoss-uk-1024x504.webp","type":"","width":"","height":""}],"twitter_card":"summary_large_image","twitter_title":"Tinklara\u0161tis hostkoss.com - Viskas apie prieglob\u0105, serverius ir svetaines","twitter_description":"M\u016bs\u0173 tinklara\u0161tis - tai vieta, kurioje rasite naujausi\u0173 naujien\u0173 ir tendencij\u0173 apie svetaini\u0173 k\u016brim\u0105 prieglobos pramon\u0117je. Apsilankykite tinklara\u0161tyje adresu hostkoss.com","twitter_image":"https:\/\/hostkoss.com\/b\/wp-content\/uploads\/2024\/06\/home-hostkoss-uk-1024x504.webp","twitter_site":"@hostkoss","twitter_misc":{"Est. reading time":"1 minute"},"schema":{"@context":"https:\/\/schema.org","@graph":[{"@type":"WebPage","@id":"https:\/\/hostkoss.com\/b\/lt\/","url":"https:\/\/hostkoss.com\/b\/lt\/","name":"Tinklara\u0161tis hostkoss.com - Viskas apie prieglob\u0105, serverius ir svetaines","isPartOf":{"@id":"https:\/\/hostkoss.com\/b\/#website"},"primaryImageOfPage":{"@id":"https:\/\/hostkoss.com\/b\/lt\/#primaryimage"},"image":{"@id":"https:\/\/hostkoss.com\/b\/lt\/#primaryimage"},"thumbnailUrl":"https:\/\/hostkoss.com\/b\/wp-content\/uploads\/2024\/06\/home-hostkoss-en.webp","datePublished":"2022-10-31T12:52:14+00:00","dateModified":"2024-06-30T10:45:32+00:00","description":"M\u016bs\u0173 tinklara\u0161tis - tai vieta, kurioje rasite naujausi\u0173 naujien\u0173 ir tendencij\u0173 apie svetaini\u0173 k\u016brim\u0105 prieglobos pramon\u0117je. Apsilankykite tinklara\u0161tyje adresu hostkoss.com","breadcrumb":{"@id":"https:\/\/hostkoss.com\/b\/lt\/#breadcrumb"},"inLanguage":"en-US","potentialAction":[{"@type":"ReadAction","target":["https:\/\/hostkoss.com\/b\/lt\/"]}]},{"@type":"ImageObject","inLanguage":"en-US","@id":"https:\/\/hostkoss.com\/b\/lt\/#primaryimage","url":"https:\/\/hostkoss.com\/b\/wp-content\/uploads\/2024\/06\/home-hostkoss-en.webp","contentUrl":"https:\/\/hostkoss.com\/b\/wp-content\/uploads\/2024\/06\/home-hostkoss-en.webp","width":1576,"height":783},{"@type":"BreadcrumbList","@id":"https:\/\/hostkoss.com\/b\/lt\/#breadcrumb","itemListElement":[{"@type":"ListItem","position":1,"name":"\u0411\u043b\u043e\u0433","item":"https:\/\/hostkoss.com\/b\/uk\/"},{"@type":"ListItem","position":2,"name":"Tinklara\u0161tis hostkoss.com &#8211; Viskas apie prieglob\u0105, serverius ir svetaines"}]},{"@type":"WebSite","@id":"https:\/\/hostkoss.com\/b\/#website","url":"https:\/\/hostkoss.com\/b\/","name":"hostkoss blog","description":"\u041d\u0430\u0448 \u0431\u043b\u043e\u0433 \u2014 \u044d\u0442\u043e \u043c\u0435\u0441\u0442\u043e, \u0433\u0434\u0435 \u0432\u044b \u043c\u043e\u0436\u0435\u0442\u0435 \u043d\u0430\u0439\u0442\u0438 \u043f\u043e\u0441\u043b\u0435\u0434\u043d\u0438\u0435 \u043d\u043e\u0432\u043e\u0441\u0442\u0438 \u0438 \u0442\u0435\u043d\u0434\u0435\u043d\u0446\u0438\u0438 \u043e \u0441\u043e\u0437\u0434\u0430\u043d\u0438\u0438 \u0441\u0430\u0439\u0442\u043e\u0432 \u0432 \u043e\u0431\u043b\u0430\u0441\u0442\u0438 \u0445\u043e\u0441\u0442\u0438\u043d\u0433\u0430. \u0417\u0430\u0445\u043e\u0434\u0438\u0442\u0435 \u0432 \u0431\u043b\u043e\u0433 hostkoss.com","publisher":{"@id":"https:\/\/hostkoss.com\/b\/#organization"},"potentialAction":[{"@type":"SearchAction","target":{"@type":"EntryPoint","urlTemplate":"https:\/\/hostkoss.com\/b\/?s={search_term_string}"},"query-input":{"@type":"PropertyValueSpecification","valueRequired":true,"valueName":"search_term_string"}}],"inLanguage":"en-US"},{"@type":"Organization","@id":"https:\/\/hostkoss.com\/b\/#organization","name":"hostkoss","url":"https:\/\/hostkoss.com\/b\/","logo":{"@type":"ImageObject","inLanguage":"en-US","@id":"https:\/\/hostkoss.com\/b\/#\/schema\/logo\/image\/","url":"https:\/\/hostkoss.com\/b\/wp-content\/uploads\/2022\/10\/150-150-hostkoss.com-logo.jpg","contentUrl":"https:\/\/hostkoss.com\/b\/wp-content\/uploads\/2022\/10\/150-150-hostkoss.com-logo.jpg","width":150,"height":150,"caption":"hostkoss"},"image":{"@id":"https:\/\/hostkoss.com\/b\/#\/schema\/logo\/image\/"},"sameAs":["https:\/\/facebook.com\/hostkoss\/","https:\/\/x.com\/hostkoss","https:\/\/www.instagram.com\/hostkoss\/","https:\/\/www.pinterest.com\/hostkoss\/"]}]}},"lang":"lt","translations":{"lt":19016,"uk":1142,"ru":1129,"en":3175,"pl":9270,"de":11712,"lv":14319,"et":16547,"ro":21475,"cs":24076,"sk":26765,"hu":29370,"it":31952,"fr":35642,"tr":38552,"da":41487,"fi":44552,"id":49531},"pll_sync_post":[],"_links":{"self":[{"href":"https:\/\/hostkoss.com\/b\/wp-json\/wp\/v2\/pages\/19016","targetHints":{"allow":["GET"]}}],"collection":[{"href":"https:\/\/hostkoss.com\/b\/wp-json\/wp\/v2\/pages"}],"about":[{"href":"https:\/\/hostkoss.com\/b\/wp-json\/wp\/v2\/types\/page"}],"author":[{"embeddable":true,"href":"https:\/\/hostkoss.com\/b\/wp-json\/wp\/v2\/users\/1"}],"replies":[{"embeddable":true,"href":"https:\/\/hostkoss.com\/b\/wp-json\/wp\/v2\/comments?post=19016"}],"version-history":[{"count":1,"href":"https:\/\/hostkoss.com\/b\/wp-json\/wp\/v2\/pages\/19016\/revisions"}],"predecessor-version":[{"id":19017,"href":"https:\/\/hostkoss.com\/b\/wp-json\/wp\/v2\/pages\/19016\/revisions\/19017"}],"wp:featuredmedia":[{"embeddable":true,"href":"https:\/\/hostkoss.com\/b\/wp-json\/wp\/v2\/media\/19008"}],"wp:attachment":[{"href":"https:\/\/hostkoss.com\/b\/wp-json\/wp\/v2\/media?parent=19016"}],"curies":[{"name":"wp","href":"https:\/\/api.w.org\/{rel}","templated":true}]}}